 - 171/(-76). Give l(n).
5
Suppose -4*h + 5 = -4*u - 11, 5*u = -10. Let c(p) be the first derivative of p + 7*p**2 + 3 - p**2 + 4*p**2 - 8*p**2. What is c(h)?
9
Let z(y) = -y**3 - 8*y**2 - 7*y + 6. Suppose -4*v = i + 32, -4*v = -4*i - 0*i + 12. Give z(v).
6
Let j = -26 + 29. Let y(z) = 4*z**2 + 4 - j*z**2 - 6 - 3*z + 0*z**2. Determine y(5).
8
Let y(o) = o**3 + 5*o**2 + 3*o - 3. Let n = -10 + 10. Suppose n*h - h = -4. Let a(z) = z**3 + 5*z**2 + 3*z - 3. Let c(b) = h*y(b) - 3*a(b). Determine c(-3).
6
Let k(r) = -85*r**2 - 13*r + 8. Let p(y) = 73*y**2 + 13*y - 9. Let m(u) = -6*k(u) - 7*p(u). Give m(-11).
37
Let x be 36/(-8) + (-3)/(-6). Let p(n) = -9*n**3 - 17*n**2 - 4*n + 8. Let r(c) = 4*c**3 + 8*c**2 + 2*c - 4. Let t(k) = -3*p(k) - 7*r(k). Give t(x).
-4
Let g be 5/(-15)*3 - -5. Let f(l) = -g*l + l + 1 - 6*l**2 - 4 + 5*l**2. Determine f(-4).
-7
Let k(b) be the second derivative of b**5/20 - 5*b**4/12 + 2*b**3/3 + 2*b**2 - 2*b - 164. Calculate k(4).
4
Suppose -1 + 9 = 4*w. Let r(d) = 2*d**3 - 8*d**2 + 6*d + 5. Let h(t) = 7*t + 6 - 9*t**2 + 4*t**3 - 2*t**3 + 0*t**3. Let c(y) = 5*h(y) - 6*r(y). Calculate c(w).
-6
Let s = 8 + -10. Let w(z) = -2*z - 2. Let k be w(s). Suppose 3*u + k*o + 5 = -7, 2*u = -o - 8. Let j(x) = -x - 8. What is j(u)?
-4
Suppose 108 = 19*r + 51. Let b(w) = -2*w + 2*w - 1 + w. Give b(r).
2
Let n(t) = -128*t**2 + 14 + 2*t + 127*t**2 + 2*t + t + t. Calculate n(8).
-2
Let a(m) = 2*m - 514*m**3 - m + 515*m**3 - 4 - 9*m**2. What is a(9)?
5
Let g(w) = 4 - 2*w + 2*w + w. Let y(z) = 2*z + 27. Let r be y(-12). Suppose -r*i + i = 8. What is g(i)?
0
Let a(u) be the second derivative of -1/2*u**3 + 2*u**2 + 0 - 1/12*u**4 - 6*u. Give a(-4).
0
Suppose -27*x - 5*x = 96. Let p(k) = -2*k**3 - 5*k**2 + k - 9. Calculate p(x).
-3
Suppose 0 = -k - 4*a - 5, 0 = -2*k - 3*k - 3*a + 26. Let z(y) = 0 - k*y + 6 + y - 1. Let v(w) = w - 1. Let n(l) = -11*v(l) - 2*z(l). Give n(-6).
-5
Let r(c) be the first derivative of c**2/2 + 6*c - 73. Determine r(-5).
1
Let x(d) = 7*d + 52. Let f(m) = m + 8. Let v(y) = 6*f(y) - x(y). Give v(-7).
3
Let i(r) = r**3 + r. Let h be i(2). Let k(f) = -5*f**2 + 6*f - 3. Let x(a) = -14*a**2 + 19*a - 10. Let g(p) = 11*k(p) - 4*x(p). What is g(h)?
7
Let s be (-1 - 0) + (-5)/(-1). Let d(f) = -2 + f + 7 - s. Suppose -4*h + 6 = -6*h. Determine d(h).
-2
Let d = -4 + 3. Let h(f) = -5*f**2 - 11*f**3 + 3*f**3 - f**2 - 1 + 7*f**2. What is h(d)?
8
Suppose 0 = -3*k - 15, 5*k = 2*o + 11 + 4. Let r = o + 22. Let n(y) = -7*y**2 + r*y**2 + 7 - 3*y + 4*y**2. Give n(-6).
-11
Let h(c) = -c**2 - 19*c - 24. Let u be h(-17). Let s be (-216)/(-30) - 2/u. Let l = 2 - s. Let o(d) = -d**3 - 6*d**2 - 5*d + 1. Calculate o(l).
1
Let z(s) = -7*s - 7. Let b(c) = -9*c - 6. Let o(j) = 4*b(j) - 5*z(j). Determine o(0).
11
Suppose -7 + 17 = 5*a. Let x(f) = -343*f + 0*f**a + 5 + 344*f - f**2. What is x(4)?
-7
Let a(p) = -5*p**3 + 2*p**2 - 5*p - 2. Let x(t) = -5*t + t**2 + 0*t**2 + 3*t**2 - t**2 - 2 - 4*t**3. Let v(w) = -3*a(w) + 4*x(w). Calculate v(5).
-2
Let p(h) = -14*h**3 - 10*h**2 + 16*h + 4. Let o(x) = -9*x**3 - 7*x**2 + 10*x + 3. Let q(i) = 8*o(i) - 5*p(i). Calculate q(-4).
36
Let c(n) = -3*n. Let i(r) = 8*r**3 + 2*r**2 - 1. Let h be i(1). Give c(h).
-27
Let r(s) be the first derivative of s**4/4 + 2*s**3 + s**2 + 6*s + 725. Give r(-7).
-57
Let s(i) be the third derivative of -i**4/24 + i**3 - i**2. Let q be (-2 - -2)/(-71 - -68). Give s(q).
6
Let f(w) = 3*w**2 - 2*w - 1. Let k(b) = -2*b**2 - 2*b**2 + 3*b**2 - 1. Let l(c) = -f(c) - 2*k(c). Suppose -8*p + 2 = -30. What is l(p)?
-5
Let k(r) = -5*r - 5. Let s(u) = u + 10. Let o(m) = -k(m) - 3*s(m). Give o(0).
-25
Let v(z) = 3*z - 1. Let c = -7 - 3. Let q = 10 + c. Suppose -o + q = -2. Calculate v(o).
5
Let l(z) = -3*z**2 + 2*z**2 + 2*z**2 - 8*z. Let y = -24 + 14. Let r be y/4*(-160)/50. Give l(r).
0
Suppose 6 = -5*s + 2*b + 31, 15 = 3*s - 5*b. Let m(j) = j**2 + 1. Let f be m(1). Let a(l) = 14*l - 4*l - s*l - l**f. Determine a(5).
0
Let w(m) = m**3 + 6*m**2 + 5*m - 6. Let x = -18 - -51. Let c = -12 - -17. Suppose -c*p - x = -8. Give w(p).
-6
Let n(x) be the first derivative of -x**4/4 - x**3/3 + 2*x - 152. Calculate n(0).
2
Let l(v) = 3*v - 3. Let t be 13 - 45*(-18)/(-45). Calculate l(t).
-18
Let h(q) = 1 + q + q**3 + 2*q**2 - 2 - 3*q**3. Let s(t) = t**2 - 7*t + 2. Let u be s(7). Give h(u).
-7
Let v(x) = 8 - 4*x**2 - 14 + 4*x**3 + 5*x - 5*x**3. Let i be v(-5). Let a(h) = h + 6. Give a(i).
0
Let g(x) be the first derivative of x**3/3 - 3*x**2/2 - 5*x + 242. Give g(-2).
5
Let i(n) be the second derivative of -2*n**3/3 + 43*n**2/2 - 2*n + 295. What is i(13)?
-9
Let x(b) = b**2 + 9*b - 12. Suppose -164 = -m + 4*c - 163, 0 = 5*c + 15. What is x(m)?
10
Let y(k) = 6 - k - 12 + 5 - 7*k**3 + 5 - 3. Calculate y(1).
-7
Let z be ((-1)/7)/((-1)/7). Let s be (0/(-3))/((-2)/z). Let g(q) = -3 + 6 + q + s + 4. What is g(0)?
7
Let v be (-7 - (-174)/24)*20. Let z be ((-1)/(2/(-20)))/2. Let l(x) = 2 - z - 4 + 2*x. Give l(v).
3
Let a(g) = g**3 - 4*g**2 + 7*g. Let h(z) be the second derivative of z**5/20 - 5*z**4/12 + 7*z**3/6 - z**2/2 - 5*z. Let n(x) = -2*a(x) + 3*h(x). Give n(6).
3
Let u(t) = 8*t + 0*t**2 + t**2 - 3 - 2*t. Let y be 3/(-9)*-3 - (-31 - -35). Determine u(y).
-12
Let o(j) = -3*j**3 + 2*j**2 + 9*j + 7. Let x be 2 + (8/4 - 2). Let y(b) = -b**3 + b**2 + 4*b + 3. Let k(v) = x*o(v) - 5*y(v). Calculate k(-2).
7
Let m be -40*-3*10/150. Let u(r) = -r**2 + 9*r - 11. Calculate u(m).
-3
Let l(s) = -7*s**3 - 2*s - 1. Let j be l(-1). Let i(b) = 0*b**2 - b**2 + j*b + 2*b**2 + 5 + 0*b. Determine i(-8).
5
Let c(n) = -n**3 - 5*n**2 - 3*n. Suppose -2*p + 3 + 7 = 0. Suppose -v + 1 = 3*u - u, -v + p*u - 20 = 0. What is c(v)?
15
Let f(l) = 25*l - 5. Let s(m) = 5*m. Let h(u) = -f(u) + 6*s(u). Give h(5).
30
Let g(o) = -4*o**2 + 2*o + 6. Let w(b) = -32*b**2 + 189*b + 14. Let c be w(6). Calculate g(c).
-66
Let o be 6 + (0 - 3/1). Suppose 0 = l - s, 0*s - 3*s = -2*l - o. Let g(d) be the first derivative of -d**4/4 + 2*d**3/3 + 4*d - 3. Give g(l).
-5
Let u(l) = 6*l + 15. Let x(j) = -7*j - 15. Let q(w) = 6*u(w) + 5*x(w). Give q(-7).
8
Let k(x) = -2*x - 4. Suppose 6 = 3*m - c, -m = -3*m - 4*c + 4. Suppose -5*y + 10 = 4*r, -4*r - m = y + 12. Let n be -2*1/4*y. Calculate k(n).
2
Let l be ((-1)/2)/((-1)/2). Suppose h + 7 = m, m - l = -h - 2. Let g(o) = 4*o**2 - 3 - o - o**3 - 2*o + 2. Calculate g(m).
-1
Let s(z) = 5*z**2 + 13*z - 11. Let i(n) = -11*n**2 - 27*n + 23. Let h(a) = -6*i(a) - 13*s(a). Let m(w) = 5*w + 1. Let b be m(6). Let y = b - 27. Determine h(y).
-7
Let o = -85 + 120. Let d = o + -30. Let v(b) = -4*b**2 + 3 + 0 - 2*b - 9 + d. Give v(-1).
-3
Let k be 0 + 3/2*2. Let i(a) = 2 + 4*a**k + 5*a**2 - 8 - 3*a**3 - 2*a - 4*a. Determine i(-6).
-6
Suppose 2*j + 24 = -2*j. Let h be (j/7)/((-6)/210). Suppose 8*m - h = 3*m. Let g(t) = t + 4. Calculate g(m).
10
Let a(h) = -6*h - 5. Suppose 3*p - z + 15 = 0, 11*p - 10*p - 5*z = -5. Determine a(p).
25
Let i(a) = -297 + 4*a - 2*a**2 - 298 + 598 - a**3. Give i(-3).
0
Suppose 2*r + 5 = 3*c - 0, -2*c + 2*r + 4 = 0. Let d = -25 + c. Let y = d - -30. Let k(j) = j. Determine k(y).
6
Let z(g) = 7 - 6 - 301*g + 150*g + 150*g. Determine z(2).
-1
Let s(d) = -4*d**2 + 9*d + 2. Let a(l) = 7*l**2 - 17*l - 3. Let t(k) = 3*a(k) + 5*s(k). Let r = 349 + -345. Determine t(r).
-7
Let n(f) = f**2 + 6. Let j(o) = o**2 + 6. Let u(b) = -4*j(b) + 3*n(b). Suppose 5*y - 16 = s, 0*y + y = -s + 8. Suppose 5*x + 2*h = x, 0 = -y*x + 3*h. Give u(x).
-6
Let y(i) = -2*i**2 + 21*i - 25. Let t be y(9). Let o(m) = 5*m**t - 3*m - 4*m - 2 + 14*m**3 - 13*m**3. Let r = 16 + -22. What is o(r)?
4
Let x = -42 + 33. Let l(k) = k**3 + 10*k**2 + 9*k + 5. What is l(x)?
5
Let l(k) = 3*k**2 + 3*k**3 + 17*k - 2*k**3 - 6*k + 0*k**3 - 10*k + 1. What is l(-3)?
-2
Let l(z) = -z - 2. Let w be 14*3/30 + 6/10. Suppose -4*c + 3 = -c, 2*b = -w*c - 8. Determine l(b).
3
Suppose 16 = 2*o - 5*b, 0 = o + 2*o + 3*b + 18. Let c(q) be the first derivative of -2*q**2 + 2*q + 13. What is c(o)?
10
Suppose 2*y + 2*y = 44. Suppose 8*f = y*f. Let n(h) = -69*h**3 - 2*h + 2 + 70*h**3 + h**2 + h. Calculate n(f).
2
Let j(h) be the first derivative of h**4/4 + 8*h**3/3 - 11*h**2/2 + 13*h + 713. What is j(-9)?
31
Let j be (-12)/8 + 38/4. Let r be -2*12/j*-1. Let a(l) = -l**2 + l